{"id":821,"date":"2013-01-07T15:20:41","date_gmt":"2013-01-08T01:20:41","guid":{"rendered":"http:\/\/blogsksbeedu.wpenginepowered.com\/roprais\/?page_id=821"},"modified":"2013-02-08T11:31:50","modified_gmt":"2013-02-08T21:31:50","slug":"the-gift-of-the-magi","status":"publish","type":"page","link":"https:\/\/blogs.ksbe.edu\/roprais\/the-gift-of-the-magi\/","title":{"rendered":"The Gift of the Magi"},"content":{"rendered":"<p><a href=\"http:\/\/blogs.ksbe.edu\/roprais\/files\/2013\/01\/the-gift-of-the-magi-image.jpg\"><img loading=\"lazy\" decoding=\"async\" class=\"aligncenter size-medium wp-image-836\" alt=\"\" src=\"http:\/\/blogs.ksbe.edu\/roprais\/files\/2013\/01\/the-gift-of-the-magi-image-254x300.jpg\" width=\"254\" height=\"300\" \/><\/a><\/p>\n<p>Here are some resources we will be using while we read and study O. Henry&#8217;s classic story, <em>The Gift of the Magi<\/em>.\u00a0 Hard copies will be provided as well.<\/p>\n<p>Click on the link below to access an on-line version of the story. Right click on the line and select &#8220;Open link in new window. <a href=\"http:\/\/blogs.ksbe.edu\/roprais\/files\/2013\/01\/Gift_Magi-Story.pdf\"><br \/>\nGift_Magi Story<\/a><\/p>\n<p>Click on the link below to access Activity 1: First Impression<br \/>\n<a href=\"http:\/\/blogs.ksbe.edu\/roprais\/files\/2013\/01\/O.-Henry-first-impression.pdf\">O. Henry first impression<\/a><\/p>\n<p>Click on the links below to access Activity 2: O. Henry&#8217;s biography and the timeline worksheet.<\/p>\n<p><a href=\"http:\/\/blogs.ksbe.edu\/roprais\/files\/2013\/01\/O.-Henry-Bio.docx\">O. Henry Bio<br \/>\n<\/a><a href=\"http:\/\/blogs.ksbe.edu\/roprais\/files\/2013\/01\/O.-Henry-time-line.pdf\">O. Henry time line<\/a><a href=\"http:\/\/blogs.ksbe.edu\/roprais\/files\/2013\/01\/O.-Henry-Bio.docx\"><br \/>\n<\/a><\/p>\n<p>Click on the link below to access Activity 3: Historical Context Reading and worksheet<br \/>\n<a href=\"http:\/\/blogs.ksbe.edu\/roprais\/files\/2013\/01\/Historical-Context.docx\">Historical Context<\/a><br \/>\n<a href=\"http:\/\/blogs.ksbe.edu\/roprais\/files\/2013\/01\/historical-context-response.pdf\">historical context response<\/a><\/p>\n<p>Click on the link below to access the power point related to irony.<br \/>\n<a href=\"http:\/\/blogs.ksbe.edu\/roprais\/files\/2013\/01\/What-is-Irony-Power-Point.ppt\">What is Irony Power Point<\/a><\/p>\n<p>Click on the link below to access the music video of &#8220;Ironic&#8221;, by Alanis Morissette.<br \/>\nhttp:\/\/youtu.be\/3-jNW7pPMMk<\/p>\n<p>Click on the link below to view the lyrics to the song &#8220;Ironic&#8221;.<br \/>\n<a href=\"http:\/\/blogs.ksbe.edu\/roprais\/files\/2013\/01\/ironic.pdf\">ironic<\/a><\/p>\n<p>Click on the link below to access the outline template and assignment description and rubric for the written assignment related to this story.<br \/>\n<a href=\"http:\/\/blogs.ksbe.edu\/roprais\/files\/2013\/01\/Essay-Outline-Template.pdf\">Essay Outline Template<\/a><\/p>\n<p><a href=\"http:\/\/blogs.ksbe.edu\/roprais\/files\/2013\/01\/Irony-Assignment1.pdf\">Irony Assignment<\/a><br \/>\nClick on the link below to access the assessment rubric for the essay.<br \/>\n<a href=\"http:\/\/blogs.ksbe.edu\/roprais\/files\/2013\/01\/Gift-of-the-Magi-Essay-Rubric.pdf\">Gift of the Magi Essay Rubric<\/a><\/p>\n<p>&nbsp;<\/p>\n<p>&nbsp;<\/p>\n<p>&nbsp;<\/p>\n","protected":false},"excerpt":{"rendered":"<p>Here are some resources we will be using while we read and study O. Henry&#8217;s classic story, The Gift of the Magi.\u00a0 Hard copies will be provided as well. Click on the link below to access an on-line version of &hellip; <a href=\"https:\/\/blogs.ksbe.edu\/roprais\/the-gift-of-the-magi\/\">Continue reading <span class=\"meta-nav\">&rarr;<\/span><\/a><\/p>\n","protected":false},"author":318,"featured_media":0,"parent":0,"menu_order":0,"comment_status":"open","ping_status":"open","template":"","meta":{"footnotes":""},"class_list":["post-821","page","type-page","status-publish","hentry"],"yoast_head":"<!-- This site is optimized with the Yoast SEO plugin v25.8 - https:\/\/yoast.com\/wordpress\/plugins\/seo\/ -->\n<title>The Gift of the Magi - Kumu Robin Prais, \u02bb\u014clelo Papa Pelekane 8<\/title>\n<meta name=\"robots\" content=\"index, follow, max-snippet:-1, max-image-preview:large, max-video-preview:-1\" \/>\n<link rel=\"canonical\" href=\"https:\/\/blogs.ksbe.edu\/roprais\/the-gift-of-the-magi\/\" \/>\n<meta property=\"og:locale\" content=\"en_US\" \/>\n<meta property=\"og:type\" content=\"article\" \/>\n<meta property=\"og:title\" content=\"The Gift of the Magi - Kumu Robin Prais, \u02bb\u014clelo Papa Pelekane 8\" \/>\n<meta property=\"og:description\" content=\"Here are some resources we will be using while we read and study O. Henry&#8217;s classic story, The Gift of the Magi.\u00a0 Hard copies will be provided as well. Click on the link below to access an on-line version of &hellip; Continue reading &rarr;\" \/>\n<meta property=\"og:url\" content=\"https:\/\/blogs.ksbe.edu\/roprais\/the-gift-of-the-magi\/\" \/>\n<meta property=\"og:site_name\" content=\"Kumu Robin Prais, \u02bb\u014clelo Papa Pelekane 8\" \/>\n<meta property=\"article:modified_time\" content=\"2013-02-08T21:31:50+00:00\" \/>\n<meta property=\"og:image\" content=\"http:\/\/blogs.ksbe.edu\/roprais\/files\/2013\/01\/the-gift-of-the-magi-image-254x300.jpg\" \/>\n<meta name=\"twitter:card\" content=\"summary_large_image\" \/>\n<meta name=\"twitter:label1\" content=\"Est. reading time\" \/>\n\t<meta name=\"twitter:data1\" content=\"1 minute\" \/>\n<script type=\"application\/ld+json\" class=\"yoast-schema-graph\">{\"@context\":\"https:\/\/schema.org\",\"@graph\":[{\"@type\":\"WebPage\",\"@id\":\"https:\/\/blogs.ksbe.edu\/roprais\/the-gift-of-the-magi\/\",\"url\":\"https:\/\/blogs.ksbe.edu\/roprais\/the-gift-of-the-magi\/\",\"name\":\"The Gift of the Magi - Kumu Robin Prais, \u02bb\u014clelo Papa Pelekane 8\",\"isPartOf\":{\"@id\":\"https:\/\/blogs.ksbe.edu\/roprais\/#website\"},\"primaryImageOfPage\":{\"@id\":\"https:\/\/blogs.ksbe.edu\/roprais\/the-gift-of-the-magi\/#primaryimage\"},\"image\":{\"@id\":\"https:\/\/blogs.ksbe.edu\/roprais\/the-gift-of-the-magi\/#primaryimage\"},\"thumbnailUrl\":\"http:\/\/blogs.ksbe.edu\/roprais\/files\/2013\/01\/the-gift-of-the-magi-image-254x300.jpg\",\"datePublished\":\"2013-01-08T01:20:41+00:00\",\"dateModified\":\"2013-02-08T21:31:50+00:00\",\"breadcrumb\":{\"@id\":\"https:\/\/blogs.ksbe.edu\/roprais\/the-gift-of-the-magi\/#breadcrumb\"},\"inLanguage\":\"en-US\",\"potentialAction\":[{\"@type\":\"ReadAction\",\"target\":[\"https:\/\/blogs.ksbe.edu\/roprais\/the-gift-of-the-magi\/\"]}]},{\"@type\":\"ImageObject\",\"inLanguage\":\"en-US\",\"@id\":\"https:\/\/blogs.ksbe.edu\/roprais\/the-gift-of-the-magi\/#primaryimage\",\"url\":\"http:\/\/blogs.ksbe.edu\/roprais\/files\/2013\/01\/the-gift-of-the-magi-image-254x300.jpg\",\"contentUrl\":\"http:\/\/blogs.ksbe.edu\/roprais\/files\/2013\/01\/the-gift-of-the-magi-image-254x300.jpg\"},{\"@type\":\"BreadcrumbList\",\"@id\":\"https:\/\/blogs.ksbe.edu\/roprais\/the-gift-of-the-magi\/#breadcrumb\",\"itemListElement\":[{\"@type\":\"ListItem\",\"position\":1,\"name\":\"Home\",\"item\":\"https:\/\/blogs.ksbe.edu\/roprais\/\"},{\"@type\":\"ListItem\",\"position\":2,\"name\":\"The Gift of the Magi\"}]},{\"@type\":\"WebSite\",\"@id\":\"https:\/\/blogs.ksbe.edu\/roprais\/#website\",\"url\":\"https:\/\/blogs.ksbe.edu\/roprais\/\",\"name\":\"Kumu Robin Prais, \u02bb\u014clelo Papa Pelekane 8\",\"description\":\"M\u0101lama, M\u0101kaukau, Mana&#039;o Lau L\u0101\",\"potentialAction\":[{\"@type\":\"SearchAction\",\"target\":{\"@type\":\"EntryPoint\",\"urlTemplate\":\"https:\/\/blogs.ksbe.edu\/roprais\/?s={search_term_string}\"},\"query-input\":{\"@type\":\"PropertyValueSpecification\",\"valueRequired\":true,\"valueName\":\"search_term_string\"}}],\"inLanguage\":\"en-US\"}]}<\/script>\n<!-- \/ Yoast SEO plugin. -->","yoast_head_json":{"title":"The Gift of the Magi - Kumu Robin Prais, \u02bb\u014clelo Papa Pelekane 8","robots":{"index":"index","follow":"follow","max-snippet":"max-snippet:-1","max-image-preview":"max-image-preview:large","max-video-preview":"max-video-preview:-1"},"canonical":"https:\/\/blogs.ksbe.edu\/roprais\/the-gift-of-the-magi\/","og_locale":"en_US","og_type":"article","og_title":"The Gift of the Magi - Kumu Robin Prais, \u02bb\u014clelo Papa Pelekane 8","og_description":"Here are some resources we will be using while we read and study O. Henry&#8217;s classic story, The Gift of the Magi.\u00a0 Hard copies will be provided as well. Click on the link below to access an on-line version of &hellip; Continue reading &rarr;","og_url":"https:\/\/blogs.ksbe.edu\/roprais\/the-gift-of-the-magi\/","og_site_name":"Kumu Robin Prais, \u02bb\u014clelo Papa Pelekane 8","article_modified_time":"2013-02-08T21:31:50+00:00","og_image":[{"url":"http:\/\/blogs.ksbe.edu\/roprais\/files\/2013\/01\/the-gift-of-the-magi-image-254x300.jpg","type":"","width":"","height":""}],"twitter_card":"summary_large_image","twitter_misc":{"Est. reading time":"1 minute"},"schema":{"@context":"https:\/\/schema.org","@graph":[{"@type":"WebPage","@id":"https:\/\/blogs.ksbe.edu\/roprais\/the-gift-of-the-magi\/","url":"https:\/\/blogs.ksbe.edu\/roprais\/the-gift-of-the-magi\/","name":"The Gift of the Magi - Kumu Robin Prais, \u02bb\u014clelo Papa Pelekane 8","isPartOf":{"@id":"https:\/\/blogs.ksbe.edu\/roprais\/#website"},"primaryImageOfPage":{"@id":"https:\/\/blogs.ksbe.edu\/roprais\/the-gift-of-the-magi\/#primaryimage"},"image":{"@id":"https:\/\/blogs.ksbe.edu\/roprais\/the-gift-of-the-magi\/#primaryimage"},"thumbnailUrl":"http:\/\/blogs.ksbe.edu\/roprais\/files\/2013\/01\/the-gift-of-the-magi-image-254x300.jpg","datePublished":"2013-01-08T01:20:41+00:00","dateModified":"2013-02-08T21:31:50+00:00","breadcrumb":{"@id":"https:\/\/blogs.ksbe.edu\/roprais\/the-gift-of-the-magi\/#breadcrumb"},"inLanguage":"en-US","potentialAction":[{"@type":"ReadAction","target":["https:\/\/blogs.ksbe.edu\/roprais\/the-gift-of-the-magi\/"]}]},{"@type":"ImageObject","inLanguage":"en-US","@id":"https:\/\/blogs.ksbe.edu\/roprais\/the-gift-of-the-magi\/#primaryimage","url":"http:\/\/blogs.ksbe.edu\/roprais\/files\/2013\/01\/the-gift-of-the-magi-image-254x300.jpg","contentUrl":"http:\/\/blogs.ksbe.edu\/roprais\/files\/2013\/01\/the-gift-of-the-magi-image-254x300.jpg"},{"@type":"BreadcrumbList","@id":"https:\/\/blogs.ksbe.edu\/roprais\/the-gift-of-the-magi\/#breadcrumb","itemListElement":[{"@type":"ListItem","position":1,"name":"Home","item":"https:\/\/blogs.ksbe.edu\/roprais\/"},{"@type":"ListItem","position":2,"name":"The Gift of the Magi"}]},{"@type":"WebSite","@id":"https:\/\/blogs.ksbe.edu\/roprais\/#website","url":"https:\/\/blogs.ksbe.edu\/roprais\/","name":"Kumu Robin Prais, \u02bb\u014clelo Papa Pelekane 8","description":"M\u0101lama, M\u0101kaukau, Mana&#039;o Lau L\u0101","potentialAction":[{"@type":"SearchAction","target":{"@type":"EntryPoint","urlTemplate":"https:\/\/blogs.ksbe.edu\/roprais\/?s={search_term_string}"},"query-input":{"@type":"PropertyValueSpecification","valueRequired":true,"valueName":"search_term_string"}}],"inLanguage":"en-US"}]}},"_links":{"self":[{"href":"https:\/\/blogs.ksbe.edu\/roprais\/wp-json\/wp\/v2\/pages\/821","targetHints":{"allow":["GET"]}}],"collection":[{"href":"https:\/\/blogs.ksbe.edu\/roprais\/wp-json\/wp\/v2\/pages"}],"about":[{"href":"https:\/\/blogs.ksbe.edu\/roprais\/wp-json\/wp\/v2\/types\/page"}],"author":[{"embeddable":true,"href":"https:\/\/blogs.ksbe.edu\/roprais\/wp-json\/wp\/v2\/users\/318"}],"replies":[{"embeddable":true,"href":"https:\/\/blogs.ksbe.edu\/roprais\/wp-json\/wp\/v2\/comments?post=821"}],"version-history":[{"count":0,"href":"https:\/\/blogs.ksbe.edu\/roprais\/wp-json\/wp\/v2\/pages\/821\/revisions"}],"wp:attachment":[{"href":"https:\/\/blogs.ksbe.edu\/roprais\/wp-json\/wp\/v2\/media?parent=821"}],"curies":[{"name":"wp","href":"https:\/\/api.w.org\/{rel}","templated":true}]}}