{"id":559,"date":"2016-10-18T12:14:40","date_gmt":"2016-10-18T22:14:40","guid":{"rendered":"http:\/\/blogsksbeedu.wpenginepowered.com\/mespence\/?page_id=559"},"modified":"2016-10-18T12:43:23","modified_gmt":"2016-10-18T22:43:23","slug":"e-na-kini-o-ka-%ca%bbaina","status":"publish","type":"page","link":"https:\/\/blogs.ksbe.edu\/mespence\/e-na-kini-o-ka-%ca%bbaina\/","title":{"rendered":"E N\u0101 Kini o ka \u02bb\u0100ina"},"content":{"rendered":"<p>&nbsp;<\/p>\n<!--[if lt IE 9]><script>document.createElement('audio');<\/script><![endif]-->\n<audio class=\"wp-audio-shortcode\" id=\"audio-559-1\" preload=\"none\" style=\"width: 100%;\" controls=\"controls\"><source type=\"audio\/mpeg\" src=\"http:\/\/blogs.ksbe.edu\/mespence\/files\/2016\/10\/E-N\u0101-Kini-slow.mp3?_=1\" \/><a href=\"http:\/\/blogs.ksbe.edu\/mespence\/files\/2016\/10\/E-N\u0101-Kini-slow.mp3\">http:\/\/blogs.ksbe.edu\/mespence\/files\/2016\/10\/E-N\u0101-Kini-slow.mp3<\/a><\/audio>\n<p>Words and Music by: Ernest Kala<\/p>\n<p><strong><em>E n\u0101 kini o ka \u2018\u0101ina e ala mai, a e ala p\u016b, <\/em><\/strong><\/p>\n<p><strong><em>E n\u0101 mamo o Hawai\u02bbi nei e ala mai, a e ala p\u016b, <\/em><\/strong><\/p>\n<p><strong><em>A I mua n\u0101 p\u014dki\u02bbi a inu i ka wai \u2018awa\u02bbawa, <\/em><\/strong><\/p>\n<p><strong><em>A e mau ka lanakila, e n\u0101 kini o ka \u02bb\u0101ina, <\/em><\/strong><\/p>\n<p><strong><em>E n\u0101 mamo o Hawai\u02bbi nei e ala mai, a e ala p\u016b.<\/em><\/strong><\/p>\n<p><strong>\u00a0<\/strong><\/p>\n<p><strong><em>HUI:<\/em><\/strong><\/p>\n<p><strong><em>I ka lawe, lawe a lilo,<\/em><\/strong><\/p>\n<p><strong><em>I ka pono, pono a mau,<\/em><\/strong><\/p>\n<p><strong><em>Paio no ka pono e, e n\u0101 kini o ka \u2018\u0101ina, <\/em><\/strong><\/p>\n<p><strong><em>I ka lawe, lawe a lilo, <\/em><\/strong><\/p>\n<p><strong><em>I ka pono, pono a mau, <\/em><\/strong><\/p>\n<p><strong><em>Ua mau ke ea o ka \u2018\u0101ina i ka pono, <\/em><\/strong><\/p>\n<p><strong><em>Ua mau ke ea o ka \u2018\u0101ina i ka pono. <\/em><\/strong><\/p>\n<p><strong>\u00a0<\/strong><\/p>\n<p><strong><em>E n\u0101 mokupuni o Hawai\u02bbi nei e ala mai, a e ala p\u016b, <\/em><\/strong><\/p>\n<p><strong><em>E n\u0101 mano kini a lehu e ala mai, a e ala p\u016b,<\/em><\/strong><\/p>\n<p><strong><em>Mai Hawai\u02bbi o Keawe a Kaua\u02bbi o Manokalani, <\/em><\/strong><\/p>\n<p><strong><em>\u2018Onipa\u02bba mau, \u2018onipa\u02bba mau, <\/em><\/strong><\/p>\n<p><strong><em>E n\u0101 mokupuni o Hawai\u02bbi nei, <\/em><\/strong><\/p>\n<p><strong><em>E n\u0101 mano kini a lehu e ala mai, a e ala p\u016b. <\/em><\/strong><\/p>\n<p><strong><em>\u00a0<\/em><\/strong><\/p>\n<p><strong><em>HUI:<\/em><\/strong><\/p>\n","protected":false},"excerpt":{"rendered":"<p>&nbsp; Words and Music by: Ernest Kala E n\u0101 kini o ka \u2018\u0101ina e ala mai, a e ala p\u016b, E n\u0101 mamo o Hawai\u02bbi nei e ala mai, a e ala p\u016b, A I mua n\u0101 p\u014dki\u02bbi a inu &hellip; <a href=\"https:\/\/blogs.ksbe.edu\/mespence\/e-na-kini-o-ka-%ca%bbaina\/\">Continue reading <span class=\"meta-nav\">&rarr;<\/span><\/a><\/p>\n","protected":false},"author":191,"featured_media":0,"parent":0,"menu_order":0,"comment_status":"closed","ping_status":"closed","template":"","meta":{"footnotes":""},"class_list":["post-559","page","type-page","status-publish","hentry"],"yoast_head":"<!-- This site is optimized with the Yoast SEO plugin v25.8 - https:\/\/yoast.com\/wordpress\/plugins\/seo\/ -->\n<title>E N\u0101 Kini o ka \u02bb\u0100ina - Papa Nohona Hawai\u2018i<\/title>\n<meta name=\"robots\" content=\"index, follow, max-snippet:-1, max-image-preview:large, max-video-preview:-1\" \/>\n<link rel=\"canonical\" href=\"https:\/\/blogs.ksbe.edu\/mespence\/e-na-kini-o-ka-\u02bbaina\/\" \/>\n<meta property=\"og:locale\" content=\"en_US\" \/>\n<meta property=\"og:type\" content=\"article\" \/>\n<meta property=\"og:title\" content=\"E N\u0101 Kini o ka \u02bb\u0100ina - Papa Nohona Hawai\u2018i\" \/>\n<meta property=\"og:description\" content=\"&nbsp; Words and Music by: Ernest Kala E n\u0101 kini o ka \u2018\u0101ina e ala mai, a e ala p\u016b, E n\u0101 mamo o Hawai\u02bbi nei e ala mai, a e ala p\u016b, A I mua n\u0101 p\u014dki\u02bbi a inu &hellip; Continue reading &rarr;\" \/>\n<meta property=\"og:url\" content=\"https:\/\/blogs.ksbe.edu\/mespence\/e-na-kini-o-ka-\u02bbaina\/\" \/>\n<meta property=\"og:site_name\" content=\"Papa Nohona Hawai\u2018i\" \/>\n<meta property=\"article:modified_time\" content=\"2016-10-18T22:43:23+00:00\" \/>\n<meta name=\"twitter:card\" content=\"summary_large_image\" \/>\n<meta name=\"twitter:label1\" content=\"Est. reading time\" \/>\n\t<meta name=\"twitter:data1\" content=\"1 minute\" \/>\n<script type=\"application\/ld+json\" class=\"yoast-schema-graph\">{\"@context\":\"https:\/\/schema.org\",\"@graph\":[{\"@type\":\"WebPage\",\"@id\":\"https:\/\/blogs.ksbe.edu\/mespence\/e-na-kini-o-ka-%ca%bbaina\/\",\"url\":\"https:\/\/blogs.ksbe.edu\/mespence\/e-na-kini-o-ka-%ca%bbaina\/\",\"name\":\"E N\u0101 Kini o ka \u02bb\u0100ina - Papa Nohona Hawai\u2018i\",\"isPartOf\":{\"@id\":\"http:\/\/blogs.ksbe.edu\/mespence\/#website\"},\"datePublished\":\"2016-10-18T22:14:40+00:00\",\"dateModified\":\"2016-10-18T22:43:23+00:00\",\"breadcrumb\":{\"@id\":\"https:\/\/blogs.ksbe.edu\/mespence\/e-na-kini-o-ka-%ca%bbaina\/#breadcrumb\"},\"inLanguage\":\"en-US\",\"potentialAction\":[{\"@type\":\"ReadAction\",\"target\":[\"https:\/\/blogs.ksbe.edu\/mespence\/e-na-kini-o-ka-%ca%bbaina\/\"]}]},{\"@type\":\"BreadcrumbList\",\"@id\":\"https:\/\/blogs.ksbe.edu\/mespence\/e-na-kini-o-ka-%ca%bbaina\/#breadcrumb\",\"itemListElement\":[{\"@type\":\"ListItem\",\"position\":1,\"name\":\"Home\",\"item\":\"http:\/\/blogs.ksbe.edu\/mespence\/\"},{\"@type\":\"ListItem\",\"position\":2,\"name\":\"E N\u0101 Kini o ka \u02bb\u0100ina\"}]},{\"@type\":\"WebSite\",\"@id\":\"http:\/\/blogs.ksbe.edu\/mespence\/#website\",\"url\":\"http:\/\/blogs.ksbe.edu\/mespence\/\",\"name\":\"Papa Nohona Hawai\u2018i\",\"description\":\"6th Grade Hawaiian Studies\",\"potentialAction\":[{\"@type\":\"SearchAction\",\"target\":{\"@type\":\"EntryPoint\",\"urlTemplate\":\"http:\/\/blogs.ksbe.edu\/mespence\/?s={search_term_string}\"},\"query-input\":{\"@type\":\"PropertyValueSpecification\",\"valueRequired\":true,\"valueName\":\"search_term_string\"}}],\"inLanguage\":\"en-US\"}]}<\/script>\n<!-- \/ Yoast SEO plugin. -->","yoast_head_json":{"title":"E N\u0101 Kini o ka \u02bb\u0100ina - Papa Nohona Hawai\u2018i","robots":{"index":"index","follow":"follow","max-snippet":"max-snippet:-1","max-image-preview":"max-image-preview:large","max-video-preview":"max-video-preview:-1"},"canonical":"https:\/\/blogs.ksbe.edu\/mespence\/e-na-kini-o-ka-\u02bbaina\/","og_locale":"en_US","og_type":"article","og_title":"E N\u0101 Kini o ka \u02bb\u0100ina - Papa Nohona Hawai\u2018i","og_description":"&nbsp; Words and Music by: Ernest Kala E n\u0101 kini o ka \u2018\u0101ina e ala mai, a e ala p\u016b, E n\u0101 mamo o Hawai\u02bbi nei e ala mai, a e ala p\u016b, A I mua n\u0101 p\u014dki\u02bbi a inu &hellip; Continue reading &rarr;","og_url":"https:\/\/blogs.ksbe.edu\/mespence\/e-na-kini-o-ka-\u02bbaina\/","og_site_name":"Papa Nohona Hawai\u2018i","article_modified_time":"2016-10-18T22:43:23+00:00","twitter_card":"summary_large_image","twitter_misc":{"Est. reading time":"1 minute"},"schema":{"@context":"https:\/\/schema.org","@graph":[{"@type":"WebPage","@id":"https:\/\/blogs.ksbe.edu\/mespence\/e-na-kini-o-ka-%ca%bbaina\/","url":"https:\/\/blogs.ksbe.edu\/mespence\/e-na-kini-o-ka-%ca%bbaina\/","name":"E N\u0101 Kini o ka \u02bb\u0100ina - Papa Nohona Hawai\u2018i","isPartOf":{"@id":"http:\/\/blogs.ksbe.edu\/mespence\/#website"},"datePublished":"2016-10-18T22:14:40+00:00","dateModified":"2016-10-18T22:43:23+00:00","breadcrumb":{"@id":"https:\/\/blogs.ksbe.edu\/mespence\/e-na-kini-o-ka-%ca%bbaina\/#breadcrumb"},"inLanguage":"en-US","potentialAction":[{"@type":"ReadAction","target":["https:\/\/blogs.ksbe.edu\/mespence\/e-na-kini-o-ka-%ca%bbaina\/"]}]},{"@type":"BreadcrumbList","@id":"https:\/\/blogs.ksbe.edu\/mespence\/e-na-kini-o-ka-%ca%bbaina\/#breadcrumb","itemListElement":[{"@type":"ListItem","position":1,"name":"Home","item":"http:\/\/blogs.ksbe.edu\/mespence\/"},{"@type":"ListItem","position":2,"name":"E N\u0101 Kini o ka \u02bb\u0100ina"}]},{"@type":"WebSite","@id":"http:\/\/blogs.ksbe.edu\/mespence\/#website","url":"http:\/\/blogs.ksbe.edu\/mespence\/","name":"Papa Nohona Hawai\u2018i","description":"6th Grade Hawaiian Studies","potentialAction":[{"@type":"SearchAction","target":{"@type":"EntryPoint","urlTemplate":"http:\/\/blogs.ksbe.edu\/mespence\/?s={search_term_string}"},"query-input":{"@type":"PropertyValueSpecification","valueRequired":true,"valueName":"search_term_string"}}],"inLanguage":"en-US"}]}},"_links":{"self":[{"href":"https:\/\/blogs.ksbe.edu\/mespence\/wp-json\/wp\/v2\/pages\/559","targetHints":{"allow":["GET"]}}],"collection":[{"href":"https:\/\/blogs.ksbe.edu\/mespence\/wp-json\/wp\/v2\/pages"}],"about":[{"href":"https:\/\/blogs.ksbe.edu\/mespence\/wp-json\/wp\/v2\/types\/page"}],"author":[{"embeddable":true,"href":"https:\/\/blogs.ksbe.edu\/mespence\/wp-json\/wp\/v2\/users\/191"}],"replies":[{"embeddable":true,"href":"https:\/\/blogs.ksbe.edu\/mespence\/wp-json\/wp\/v2\/comments?post=559"}],"version-history":[{"count":0,"href":"https:\/\/blogs.ksbe.edu\/mespence\/wp-json\/wp\/v2\/pages\/559\/revisions"}],"wp:attachment":[{"href":"https:\/\/blogs.ksbe.edu\/mespence\/wp-json\/wp\/v2\/media?parent=559"}],"curies":[{"name":"wp","href":"https:\/\/api.w.org\/{rel}","templated":true}]}}