{"id":291,"date":"2011-04-19T11:00:50","date_gmt":"2011-04-19T21:00:50","guid":{"rendered":"http:\/\/blogsksbeedu.wpenginepowered.com\/mespence\/?page_id=291"},"modified":"2024-05-16T13:23:27","modified_gmt":"2024-05-16T23:23:27","slug":"oli-mookuauhau-o-pauahi","status":"publish","type":"page","link":"https:\/\/blogs.ksbe.edu\/mespence\/na-oli\/oli-mookuauhau-o-pauahi\/","title":{"rendered":"Oli Mo\u2018ok\u016b\u2018auhau \u2018o Pauahi"},"content":{"rendered":"<!--[if lt IE 9]><script>document.createElement('audio');<\/script><![endif]-->\n<audio class=\"wp-audio-shortcode\" id=\"audio-291-1\" preload=\"none\" style=\"width: 100%;\" controls=\"controls\"><source type=\"audio\/mpeg\" src=\"http:\/\/blogs.ksbe.edu\/mespence\/files\/2011\/04\/Oil-Mookuauhau1-3.mp3?_=1\" \/><a href=\"http:\/\/blogs.ksbe.edu\/mespence\/files\/2011\/04\/Oil-Mookuauhau1-3.mp3\">http:\/\/blogs.ksbe.edu\/mespence\/files\/2011\/04\/Oil-Mookuauhau1-3.mp3<\/a><\/audio>\n<p>\u2018O Keakealani noho i\u0101 K\u0101neikauaiwilani<\/p>\n<p>H\u0101nau \u2018ia \u2018o Kalanikaulele\u0101iwi he wahine<\/p>\n<p>\u2018O Kalanikaulele\u0101iwi noho i\u0101 Keawe\u2018\u012bkekahiali\u2018iokamoku<\/p>\n<p>H\u0101nau \u2018ia \u2018o Ke\u2018eaumokunui he k\u0101ne<\/p>\n<p class=\"default_cursor_cs\">\n<p>\u2018O Ke\u2018eaumokunui noho i\u0101 Kam\u0101ka\u2018imoku<\/p>\n<p>H\u0101nau \u2018ia \u2018o Ke\u014duakupuap\u0101ikalaninui he k\u0101ne<\/p>\n<p>\u2018O Ke\u014duakupuap\u0101ikalaninui noho i\u0101 Keku\u2018iapoiwa<\/p>\n<p>H\u0101nau \u2018ia \u2018o Pai\u2018ea Kamehameha he k\u0101ne<\/p>\n<p>\u2018O Kamehameha noho i\u0101 K\u0101nekapolei<\/p>\n<p>H\u0101nau \u2018ia \u2018o Ka\u2018\u014dleiok\u016b he k\u0101ne<\/p>\n<p class=\"default_cursor_cs\">\u2018O Ka\u2018\u014dleiok\u016b noho i\u0101 Luahine<\/p>\n<p class=\"default_cursor_cs\">H\u0101nau \u2018ia \u2018o Lora K\u014dnia he wahine<\/p>\n<p class=\"default_cursor_cs\">\n<p class=\"default_cursor_cs\">\u2018O Lora K\u014dnia noho i\u0101 Abner P\u0101k\u012b<\/p>\n<p class=\"default_cursor_cs\">H\u0101nau \u2018ia \u2018o Bernice Pauahi P\u0101k\u012b he wahine<\/p>\n<p>Ke kam\u0101li\u2018iwahine o Hawai\u2018i nei<\/p>\n<p>E ola, e ola<\/p>\n<p class=\"default_cursor_cs\">A kau i ka hano ka inoa o Ke Ali\u2018i Bernice Pauahi P\u0101k\u012b<\/p>\n<p>He aloha \u0113, He aloha \u0113, \u02bbe\u014d mai \u0113<\/p>\n<p class=\"default_cursor_cs\">He Oli Mo\u2018ok\u016b\u2018auhau no Ke Ali\u2018i Bernice Pauahi P\u0101k\u012b<\/p>\n<p class=\"default_cursor_cs\">\n","protected":false},"excerpt":{"rendered":"<p>\u2018O Keakealani noho i\u0101 K\u0101neikauaiwilani H\u0101nau \u2018ia \u2018o Kalanikaulele\u0101iwi he wahine \u2018O Kalanikaulele\u0101iwi noho i\u0101 Keawe\u2018\u012bkekahiali\u2018iokamoku H\u0101nau \u2018ia \u2018o Ke\u2018eaumokunui he k\u0101ne \u2018O Ke\u2018eaumokunui noho i\u0101 Kam\u0101ka\u2018imoku H\u0101nau \u2018ia \u2018o Ke\u014duakupuap\u0101ikalaninui he k\u0101ne \u2018O Ke\u014duakupuap\u0101ikalaninui noho i\u0101 Keku\u2018iapoiwa H\u0101nau \u2018ia &hellip; <a href=\"https:\/\/blogs.ksbe.edu\/mespence\/na-oli\/oli-mookuauhau-o-pauahi\/\">Continue reading <span class=\"meta-nav\">&rarr;<\/span><\/a><\/p>\n","protected":false},"author":191,"featured_media":0,"parent":492,"menu_order":0,"comment_status":"open","ping_status":"closed","template":"","meta":{"footnotes":""},"class_list":["post-291","page","type-page","status-publish","hentry"],"yoast_head":"<!-- This site is optimized with the Yoast SEO plugin v25.8 - https:\/\/yoast.com\/wordpress\/plugins\/seo\/ -->\n<title>Oli Mo\u2018ok\u016b\u2018auhau \u2018o Pauahi - Papa Nohona Hawai\u2018i<\/title>\n<meta name=\"robots\" content=\"index, follow, max-snippet:-1, max-image-preview:large, max-video-preview:-1\" \/>\n<link rel=\"canonical\" href=\"https:\/\/blogs.ksbe.edu\/mespence\/na-oli\/oli-mookuauhau-o-pauahi\/\" \/>\n<meta property=\"og:locale\" content=\"en_US\" \/>\n<meta property=\"og:type\" content=\"article\" \/>\n<meta property=\"og:title\" content=\"Oli Mo\u2018ok\u016b\u2018auhau \u2018o Pauahi - Papa Nohona Hawai\u2018i\" \/>\n<meta property=\"og:description\" content=\"\u2018O Keakealani noho i\u0101 K\u0101neikauaiwilani H\u0101nau \u2018ia \u2018o Kalanikaulele\u0101iwi he wahine \u2018O Kalanikaulele\u0101iwi noho i\u0101 Keawe\u2018\u012bkekahiali\u2018iokamoku H\u0101nau \u2018ia \u2018o Ke\u2018eaumokunui he k\u0101ne \u2018O Ke\u2018eaumokunui noho i\u0101 Kam\u0101ka\u2018imoku H\u0101nau \u2018ia \u2018o Ke\u014duakupuap\u0101ikalaninui he k\u0101ne \u2018O Ke\u014duakupuap\u0101ikalaninui noho i\u0101 Keku\u2018iapoiwa H\u0101nau \u2018ia &hellip; Continue reading &rarr;\" \/>\n<meta property=\"og:url\" content=\"https:\/\/blogs.ksbe.edu\/mespence\/na-oli\/oli-mookuauhau-o-pauahi\/\" \/>\n<meta property=\"og:site_name\" content=\"Papa Nohona Hawai\u2018i\" \/>\n<meta property=\"article:modified_time\" content=\"2024-05-16T23:23:27+00:00\" \/>\n<meta name=\"twitter:card\" content=\"summary_large_image\" \/>\n<meta name=\"twitter:label1\" content=\"Est. reading time\" \/>\n\t<meta name=\"twitter:data1\" content=\"1 minute\" \/>\n<script type=\"application\/ld+json\" class=\"yoast-schema-graph\">{\"@context\":\"https:\/\/schema.org\",\"@graph\":[{\"@type\":\"WebPage\",\"@id\":\"https:\/\/blogs.ksbe.edu\/mespence\/na-oli\/oli-mookuauhau-o-pauahi\/\",\"url\":\"https:\/\/blogs.ksbe.edu\/mespence\/na-oli\/oli-mookuauhau-o-pauahi\/\",\"name\":\"Oli Mo\u2018ok\u016b\u2018auhau \u2018o Pauahi - Papa Nohona Hawai\u2018i\",\"isPartOf\":{\"@id\":\"http:\/\/blogs.ksbe.edu\/mespence\/#website\"},\"datePublished\":\"2011-04-19T21:00:50+00:00\",\"dateModified\":\"2024-05-16T23:23:27+00:00\",\"breadcrumb\":{\"@id\":\"https:\/\/blogs.ksbe.edu\/mespence\/na-oli\/oli-mookuauhau-o-pauahi\/#breadcrumb\"},\"inLanguage\":\"en-US\",\"potentialAction\":[{\"@type\":\"ReadAction\",\"target\":[\"https:\/\/blogs.ksbe.edu\/mespence\/na-oli\/oli-mookuauhau-o-pauahi\/\"]}]},{\"@type\":\"BreadcrumbList\",\"@id\":\"https:\/\/blogs.ksbe.edu\/mespence\/na-oli\/oli-mookuauhau-o-pauahi\/#breadcrumb\",\"itemListElement\":[{\"@type\":\"ListItem\",\"position\":1,\"name\":\"Home\",\"item\":\"http:\/\/blogs.ksbe.edu\/mespence\/\"},{\"@type\":\"ListItem\",\"position\":2,\"name\":\"N\u0101 Oli\",\"item\":\"https:\/\/blogs.ksbe.edu\/mespence\/na-oli\/\"},{\"@type\":\"ListItem\",\"position\":3,\"name\":\"Oli Mo\u2018ok\u016b\u2018auhau \u2018o Pauahi\"}]},{\"@type\":\"WebSite\",\"@id\":\"http:\/\/blogs.ksbe.edu\/mespence\/#website\",\"url\":\"http:\/\/blogs.ksbe.edu\/mespence\/\",\"name\":\"Papa Nohona Hawai\u2018i\",\"description\":\"6th Grade Hawaiian Studies\",\"potentialAction\":[{\"@type\":\"SearchAction\",\"target\":{\"@type\":\"EntryPoint\",\"urlTemplate\":\"http:\/\/blogs.ksbe.edu\/mespence\/?s={search_term_string}\"},\"query-input\":{\"@type\":\"PropertyValueSpecification\",\"valueRequired\":true,\"valueName\":\"search_term_string\"}}],\"inLanguage\":\"en-US\"}]}<\/script>\n<!-- \/ Yoast SEO plugin. -->","yoast_head_json":{"title":"Oli Mo\u2018ok\u016b\u2018auhau \u2018o Pauahi - Papa Nohona Hawai\u2018i","robots":{"index":"index","follow":"follow","max-snippet":"max-snippet:-1","max-image-preview":"max-image-preview:large","max-video-preview":"max-video-preview:-1"},"canonical":"https:\/\/blogs.ksbe.edu\/mespence\/na-oli\/oli-mookuauhau-o-pauahi\/","og_locale":"en_US","og_type":"article","og_title":"Oli Mo\u2018ok\u016b\u2018auhau \u2018o Pauahi - Papa Nohona Hawai\u2018i","og_description":"\u2018O Keakealani noho i\u0101 K\u0101neikauaiwilani H\u0101nau \u2018ia \u2018o Kalanikaulele\u0101iwi he wahine \u2018O Kalanikaulele\u0101iwi noho i\u0101 Keawe\u2018\u012bkekahiali\u2018iokamoku H\u0101nau \u2018ia \u2018o Ke\u2018eaumokunui he k\u0101ne \u2018O Ke\u2018eaumokunui noho i\u0101 Kam\u0101ka\u2018imoku H\u0101nau \u2018ia \u2018o Ke\u014duakupuap\u0101ikalaninui he k\u0101ne \u2018O Ke\u014duakupuap\u0101ikalaninui noho i\u0101 Keku\u2018iapoiwa H\u0101nau \u2018ia &hellip; Continue reading &rarr;","og_url":"https:\/\/blogs.ksbe.edu\/mespence\/na-oli\/oli-mookuauhau-o-pauahi\/","og_site_name":"Papa Nohona Hawai\u2018i","article_modified_time":"2024-05-16T23:23:27+00:00","twitter_card":"summary_large_image","twitter_misc":{"Est. reading time":"1 minute"},"schema":{"@context":"https:\/\/schema.org","@graph":[{"@type":"WebPage","@id":"https:\/\/blogs.ksbe.edu\/mespence\/na-oli\/oli-mookuauhau-o-pauahi\/","url":"https:\/\/blogs.ksbe.edu\/mespence\/na-oli\/oli-mookuauhau-o-pauahi\/","name":"Oli Mo\u2018ok\u016b\u2018auhau \u2018o Pauahi - Papa Nohona Hawai\u2018i","isPartOf":{"@id":"http:\/\/blogs.ksbe.edu\/mespence\/#website"},"datePublished":"2011-04-19T21:00:50+00:00","dateModified":"2024-05-16T23:23:27+00:00","breadcrumb":{"@id":"https:\/\/blogs.ksbe.edu\/mespence\/na-oli\/oli-mookuauhau-o-pauahi\/#breadcrumb"},"inLanguage":"en-US","potentialAction":[{"@type":"ReadAction","target":["https:\/\/blogs.ksbe.edu\/mespence\/na-oli\/oli-mookuauhau-o-pauahi\/"]}]},{"@type":"BreadcrumbList","@id":"https:\/\/blogs.ksbe.edu\/mespence\/na-oli\/oli-mookuauhau-o-pauahi\/#breadcrumb","itemListElement":[{"@type":"ListItem","position":1,"name":"Home","item":"http:\/\/blogs.ksbe.edu\/mespence\/"},{"@type":"ListItem","position":2,"name":"N\u0101 Oli","item":"https:\/\/blogs.ksbe.edu\/mespence\/na-oli\/"},{"@type":"ListItem","position":3,"name":"Oli Mo\u2018ok\u016b\u2018auhau \u2018o Pauahi"}]},{"@type":"WebSite","@id":"http:\/\/blogs.ksbe.edu\/mespence\/#website","url":"http:\/\/blogs.ksbe.edu\/mespence\/","name":"Papa Nohona Hawai\u2018i","description":"6th Grade Hawaiian Studies","potentialAction":[{"@type":"SearchAction","target":{"@type":"EntryPoint","urlTemplate":"http:\/\/blogs.ksbe.edu\/mespence\/?s={search_term_string}"},"query-input":{"@type":"PropertyValueSpecification","valueRequired":true,"valueName":"search_term_string"}}],"inLanguage":"en-US"}]}},"_links":{"self":[{"href":"https:\/\/blogs.ksbe.edu\/mespence\/wp-json\/wp\/v2\/pages\/291","targetHints":{"allow":["GET"]}}],"collection":[{"href":"https:\/\/blogs.ksbe.edu\/mespence\/wp-json\/wp\/v2\/pages"}],"about":[{"href":"https:\/\/blogs.ksbe.edu\/mespence\/wp-json\/wp\/v2\/types\/page"}],"author":[{"embeddable":true,"href":"https:\/\/blogs.ksbe.edu\/mespence\/wp-json\/wp\/v2\/users\/191"}],"replies":[{"embeddable":true,"href":"https:\/\/blogs.ksbe.edu\/mespence\/wp-json\/wp\/v2\/comments?post=291"}],"version-history":[{"count":0,"href":"https:\/\/blogs.ksbe.edu\/mespence\/wp-json\/wp\/v2\/pages\/291\/revisions"}],"up":[{"embeddable":true,"href":"https:\/\/blogs.ksbe.edu\/mespence\/wp-json\/wp\/v2\/pages\/492"}],"wp:attachment":[{"href":"https:\/\/blogs.ksbe.edu\/mespence\/wp-json\/wp\/v2\/media?parent=291"}],"curies":[{"name":"wp","href":"https:\/\/api.w.org\/{rel}","templated":true}]}}