{"id":214,"date":"2013-07-05T14:52:09","date_gmt":"2013-07-06T00:52:09","guid":{"rendered":"http:\/\/blogsksbeedu.wpenginepowered.com\/alohaainaproject\/?page_id=214"},"modified":"2013-07-29T02:02:33","modified_gmt":"2013-07-29T12:02:33","slug":"ola-i-ka-ha","status":"publish","type":"page","link":"https:\/\/blogs.ksbe.edu\/alohaainaproject\/ola-i-ka-ha\/","title":{"rendered":"Ola i ka H\u0101"},"content":{"rendered":"<p>Composed by: Frank Kawaikapuokalani Hewett<\/p>\n<p>Ola i ka H\u0101<br \/>\n<a href=\"http:\/\/blogs.ksbe.edu\/alohaainaproject\/files\/2013\/07\/Ola-i-ka-Ha.mp3\">.<\/a><\/p>\n<table width=\"100%\" border=\"1\" cellpadding=\"0\">\n<tbody>\n<tr>\n<td valign=\"top\" width=\"34%\"><i>Ola i ka h\u0101<\/i><BR><\/p>\n<p><i>Ola i ka wai<\/i><\/p>\n<p><i><br \/>\nOla i ka \u02bb\u012b<\/i><\/p>\n<p><i><br \/>\nH\u0101wai\u02bb\u012b, H\u0101wai\u02bb\u012b, H\u0101wai\u02bb\u012b<\/p>\n<p><\/i><br \/>\nW\u0101kea ka lani<\/p>\n<p><i>Papa ka h\u014dnua<\/i><\/p>\n<p><i>No ka lun\u0101, ko lun\u0101<\/i><\/p>\n<p><i>No ka lalo, ko lalo<\/i><\/p>\n<p><i>O ka pono no ia e<\/i><\/p>\n<p><i>E ola k\u0101kou a mau loa e<\/i><\/td>\n<td valign=\"top\" width=\"64%\">There is life in the breath (<i>h\u0101<\/i> &#8211; H\u0101loa\/<i>kalo<\/i>)<BR><\/p>\n<p>There is life in the waters (K\u0101neikawaiola &#8211; god of creation)<\/p>\n<p>There is life in the supreme (Kumulipo chant of Kalaninui\u02bb\u012bamamao)<\/p>\n<p><i>H\u0101 &#8211; wai &#8211; \u02bb\u012b<\/i> (reflecting the genealogies of creation of Hawai\u02bbi, God, the environment and humankind)<\/p>\n<p>W\u0101kea of the heavens<\/p>\n<p>Papa of the earth<\/p>\n<p>For up belonging up<\/p>\n<p>For down belonging down<\/p>\n<p>It is the &#8220;Natural Order&#8221;<\/p>\n<p>May we live forever<\/td>\n<\/tr>\n<\/tbody>\n<\/table>\n<p>BACKGROUND<\/p>\n<p><i>Ola i ka h\u0101<br \/>\n<\/i>The \u00a0first line is a reflection of the legend of the origin of the <i>kalo<\/i>, the child of W\u0101kea and Ho\u02bboh\u014dk\u016bkalani who soon after birth expired.\u00a0 This child was buried near their home and from his body grew forth the <i>kalo<\/i> plant. A second son was born to W\u0101kea and Ho\u02bboh\u014dk\u016bkalani and he became the father of the human race. Like his elder brother, he was also named H\u0101loa with the epithet nakalaukapalili added to his name. The first birth of t he first H\u0101loa established the tradition of the senior line in the Hawaiian tradition, and the birth of the second H\u0101loa established the tradition of the junior line subservient to the senior line, humankind as custodians to the gods who manifest in nature \/environm\u00b7ent. The word <i>h\u0101<\/i> used in the first line is a reflection of the names H\u0101loa and H\u0101loanakalaukapalili.<\/p>\n<p><i>Ola i ka wai<br \/>\n<\/i>The\u00b7 second line is a reflection of the god, K\u0101ne, the god creation. K\u0101ne has many forms, which include the water, the sunlight, and the rainbow. K\u0101ne is the giver of life and not the taker of life, therefore no human sacrifices were offered to him. He is at the zenith in the pantheon of gods\u00a0 and the other gods are said \u00a0to be lesser manifestations of him. K\u0101ne worship incorporated shrines with sacred upright stones where prayers and offerings were left.<\/p>\n<p>In order for the <i>kalo<\/i> to grow tall and strong it needs both water and sunlight, both manifestations as mentioned earlier of the god, K\u0101ne. An ancient proverb states, <i>\u201cP\u016b\u02bbali\u02bbali kalo I ka wai \u02bbole,\u201d<\/i> without water the <i>kalo<\/i> grows misshapen or crooked. K\u0101ne in the form of water not only provides sustenance for good healthy growth of the <i>kalo<\/i> but also provides sustenance \u2013 the same for mankind.<\/p>\n<p>The work <i>\u201cwai,\u201d<\/i> in the second line, is a reflection to the god, K\u0101neikawaiola \u2013 the god of the living or healing waters.<\/p>\n<p><i>Ola i ka\u02bb\u012b<br \/>\n<\/i>The third line is a reflection of the Kumulipo chant that was used as a prayer for the dedication of the chief Lonoikamakahiki to the gods soon after his birth. It is at that time that the honors of Kapu, Wela, Hoano and Moe were conferred to him by his father, Keawekekahiali\u02bbiokamoku, King of Hawai\u02bbi. After the ceremony his name was changed to Ka-\u02bb\u012a-\u02bbi-mamao. The third line also reflects the name of \u02bb\u012ao, the tradition of one supreme deity connected to the workship of the \u02bb<i>io<\/i> (hawk) and the <i>pueo<\/i> (owl).<\/p>\n<p><i>H\u0101wai\u02bb\u012b, H\u0101wai\u02bb\u012b, H\u0101wai\u02bb\u012b<br \/>\n<\/i>The fourth line connects the three components, the <i>h\u0101<\/i>, the <i>wai<\/i> and the <i>\u02bb\u012b <\/i>in the name H\u0101wai\u02bb\u012b, the breath or the air that we breathe, the water that we drink and god\/goddess most superior. Air and water sustains the life created through the god. As explained to me by Aunty Emma deFries in our study of the supreme one god \u012ao, the island names that end with (\u02bbi) such as H\u0101wai\u02bbi, Mau\u02bbi, Moloka\u02bbi, L\u0101na\u02bbi and Kaua\u02bbi became so in our ancient past due to the ruling chiefs who collectively worshipped the supreme god, \u02bbIo. In my study with Aunty Emma, \u02bbIo was referred to as \u02bb\u012a-o-na-lani-nui-a-mamao (the Supreme most god of the great heavens and beyond.) Aunty Emma asked me to always keep this tradition close to me.<\/p>\n<p><i>W\u0101kea ka lani<br \/>\nPapa ka h\u014dnua<br \/>\nNo ka luna ko luna<br \/>\nNo kalalo ko lalo<br \/>\n\u02bbO ka pono no ia e<\/i><\/p>\n<p>The fifth, sixth, seventh, eighth and ninth lines reflect the \u201cnatural order\u201d of our gods, environment and people. To everything there is a natural or proper order. There is a beginning and an end, a top and a bottom, a male god and a female counterpart. There is harmony, balance and unity. The gods are at the top of the triad followed by the environment and then humankind. The same order is reflected in the social structure as established in the <i>kapu<\/i> system, <i>ali\u02bbi<\/i>, <i>kahuna<\/i>, <i>maka\u02bb\u0101inaa\u0101<\/i> and <i>kauw\u0101<\/i> along with terms and roles within the \u02bb<i>ohana<\/i> such as <i>k\u016bpuna<\/i>, <i>m\u0101kua<\/i>, \u02bb<i>\u014dpio<\/i>, <i>keiki<\/i> and <i>kamaiki<\/i>. From the top to the bottom, all is in its proper place. This is truly our <i>pono<\/i>. Not as translated as the word, \u201crighteousness,\u201d but the natural order as allotted like <i>mana<\/i> by the god\/goddess.<\/p>\n<p>The tenth line reflects the life, health and healing, which we attribute to our gods. The <i>kalo<\/i> and the human race were born from W\u0101kea and Ho\u02bboh\u014dk\u016bkalani. The life force is in the manifestations of the god K\u0101ne, the sun, the air and the rainbow. All of this is perpetuated by the <i>pono<\/i>, the natural order, the balance and the unity.<\/p>\n<p><i>(Mana\u02bbo from Frank Kawaikapuokalni Hewett)<\/i><\/p>\n","protected":false},"excerpt":{"rendered":"<p>Composed by: Frank Kawaikapuokalani Hewett Ola i ka H\u0101 . Ola i ka h\u0101 Ola i ka wai Ola i ka \u02bb\u012b H\u0101wai\u02bb\u012b, H\u0101wai\u02bb\u012b, H\u0101wai\u02bb\u012b W\u0101kea ka lani Papa ka h\u014dnua No ka lun\u0101, ko lun\u0101 No ka lalo, ko &hellip; <a href=\"https:\/\/blogs.ksbe.edu\/alohaainaproject\/ola-i-ka-ha\/\">Continue reading <span class=\"meta-nav\">&rarr;<\/span><\/a><\/p>\n","protected":false},"author":23,"featured_media":0,"parent":0,"menu_order":0,"comment_status":"closed","ping_status":"closed","template":"sidebar-page.php","meta":{"footnotes":""},"class_list":["post-214","page","type-page","status-publish","hentry"],"yoast_head":"<!-- This site is optimized with the Yoast SEO plugin v25.8 - https:\/\/yoast.com\/wordpress\/plugins\/seo\/ -->\n<title>Ola i ka H\u0101 - Aloha \u02bb\u0100ina Project<\/title>\n<meta name=\"robots\" content=\"index, follow, max-snippet:-1, max-image-preview:large, max-video-preview:-1\" \/>\n<link rel=\"canonical\" href=\"http:\/\/blogs.ksbe.edu\/alohaainaproject\/ola-i-ka-ha\/\" \/>\n<meta property=\"og:locale\" content=\"en_US\" \/>\n<meta property=\"og:type\" content=\"article\" \/>\n<meta property=\"og:title\" content=\"Ola i ka H\u0101 - Aloha \u02bb\u0100ina Project\" \/>\n<meta property=\"og:description\" content=\"Composed by: Frank Kawaikapuokalani Hewett Ola i ka H\u0101 . Ola i ka h\u0101 Ola i ka wai Ola i ka \u02bb\u012b H\u0101wai\u02bb\u012b, H\u0101wai\u02bb\u012b, H\u0101wai\u02bb\u012b W\u0101kea ka lani Papa ka h\u014dnua No ka lun\u0101, ko lun\u0101 No ka lalo, ko &hellip; Continue reading &rarr;\" \/>\n<meta property=\"og:url\" content=\"http:\/\/blogs.ksbe.edu\/alohaainaproject\/ola-i-ka-ha\/\" \/>\n<meta property=\"og:site_name\" content=\"Aloha \u02bb\u0100ina Project\" \/>\n<meta property=\"article:modified_time\" content=\"2013-07-29T12:02:33+00:00\" \/>\n<meta name=\"twitter:card\" content=\"summary_large_image\" \/>\n<meta name=\"twitter:label1\" content=\"Est. reading time\" \/>\n\t<meta name=\"twitter:data1\" content=\"5 minutes\" \/>\n<script type=\"application\/ld+json\" class=\"yoast-schema-graph\">{\"@context\":\"https:\/\/schema.org\",\"@graph\":[{\"@type\":\"WebPage\",\"@id\":\"http:\/\/blogs.ksbe.edu\/alohaainaproject\/ola-i-ka-ha\/\",\"url\":\"http:\/\/blogs.ksbe.edu\/alohaainaproject\/ola-i-ka-ha\/\",\"name\":\"Ola i ka H\u0101 - Aloha \u02bb\u0100ina Project\",\"isPartOf\":{\"@id\":\"https:\/\/blogs.ksbe.edu\/alohaainaproject\/#website\"},\"datePublished\":\"2013-07-06T00:52:09+00:00\",\"dateModified\":\"2013-07-29T12:02:33+00:00\",\"breadcrumb\":{\"@id\":\"http:\/\/blogs.ksbe.edu\/alohaainaproject\/ola-i-ka-ha\/#breadcrumb\"},\"inLanguage\":\"en-US\",\"potentialAction\":[{\"@type\":\"ReadAction\",\"target\":[\"http:\/\/blogs.ksbe.edu\/alohaainaproject\/ola-i-ka-ha\/\"]}]},{\"@type\":\"BreadcrumbList\",\"@id\":\"http:\/\/blogs.ksbe.edu\/alohaainaproject\/ola-i-ka-ha\/#breadcrumb\",\"itemListElement\":[{\"@type\":\"ListItem\",\"position\":1,\"name\":\"Home\",\"item\":\"https:\/\/blogs.ksbe.edu\/alohaainaproject\/\"},{\"@type\":\"ListItem\",\"position\":2,\"name\":\"Ola i ka H\u0101\"}]},{\"@type\":\"WebSite\",\"@id\":\"https:\/\/blogs.ksbe.edu\/alohaainaproject\/#website\",\"url\":\"https:\/\/blogs.ksbe.edu\/alohaainaproject\/\",\"name\":\"Aloha \u02bb\u0100ina Project\",\"description\":\"The Aloha \u02bb\u0100ina Project supports KES Nani Ke Ao Nei Curriculum development.\",\"potentialAction\":[{\"@type\":\"SearchAction\",\"target\":{\"@type\":\"EntryPoint\",\"urlTemplate\":\"https:\/\/blogs.ksbe.edu\/alohaainaproject\/?s={search_term_string}\"},\"query-input\":{\"@type\":\"PropertyValueSpecification\",\"valueRequired\":true,\"valueName\":\"search_term_string\"}}],\"inLanguage\":\"en-US\"}]}<\/script>\n<!-- \/ Yoast SEO plugin. -->","yoast_head_json":{"title":"Ola i ka H\u0101 - Aloha \u02bb\u0100ina Project","robots":{"index":"index","follow":"follow","max-snippet":"max-snippet:-1","max-image-preview":"max-image-preview:large","max-video-preview":"max-video-preview:-1"},"canonical":"http:\/\/blogs.ksbe.edu\/alohaainaproject\/ola-i-ka-ha\/","og_locale":"en_US","og_type":"article","og_title":"Ola i ka H\u0101 - Aloha \u02bb\u0100ina Project","og_description":"Composed by: Frank Kawaikapuokalani Hewett Ola i ka H\u0101 . Ola i ka h\u0101 Ola i ka wai Ola i ka \u02bb\u012b H\u0101wai\u02bb\u012b, H\u0101wai\u02bb\u012b, H\u0101wai\u02bb\u012b W\u0101kea ka lani Papa ka h\u014dnua No ka lun\u0101, ko lun\u0101 No ka lalo, ko &hellip; Continue reading &rarr;","og_url":"http:\/\/blogs.ksbe.edu\/alohaainaproject\/ola-i-ka-ha\/","og_site_name":"Aloha \u02bb\u0100ina Project","article_modified_time":"2013-07-29T12:02:33+00:00","twitter_card":"summary_large_image","twitter_misc":{"Est. reading time":"5 minutes"},"schema":{"@context":"https:\/\/schema.org","@graph":[{"@type":"WebPage","@id":"http:\/\/blogs.ksbe.edu\/alohaainaproject\/ola-i-ka-ha\/","url":"http:\/\/blogs.ksbe.edu\/alohaainaproject\/ola-i-ka-ha\/","name":"Ola i ka H\u0101 - Aloha \u02bb\u0100ina Project","isPartOf":{"@id":"https:\/\/blogs.ksbe.edu\/alohaainaproject\/#website"},"datePublished":"2013-07-06T00:52:09+00:00","dateModified":"2013-07-29T12:02:33+00:00","breadcrumb":{"@id":"http:\/\/blogs.ksbe.edu\/alohaainaproject\/ola-i-ka-ha\/#breadcrumb"},"inLanguage":"en-US","potentialAction":[{"@type":"ReadAction","target":["http:\/\/blogs.ksbe.edu\/alohaainaproject\/ola-i-ka-ha\/"]}]},{"@type":"BreadcrumbList","@id":"http:\/\/blogs.ksbe.edu\/alohaainaproject\/ola-i-ka-ha\/#breadcrumb","itemListElement":[{"@type":"ListItem","position":1,"name":"Home","item":"https:\/\/blogs.ksbe.edu\/alohaainaproject\/"},{"@type":"ListItem","position":2,"name":"Ola i ka H\u0101"}]},{"@type":"WebSite","@id":"https:\/\/blogs.ksbe.edu\/alohaainaproject\/#website","url":"https:\/\/blogs.ksbe.edu\/alohaainaproject\/","name":"Aloha \u02bb\u0100ina Project","description":"The Aloha \u02bb\u0100ina Project supports KES Nani Ke Ao Nei Curriculum development.","potentialAction":[{"@type":"SearchAction","target":{"@type":"EntryPoint","urlTemplate":"https:\/\/blogs.ksbe.edu\/alohaainaproject\/?s={search_term_string}"},"query-input":{"@type":"PropertyValueSpecification","valueRequired":true,"valueName":"search_term_string"}}],"inLanguage":"en-US"}]}},"_links":{"self":[{"href":"https:\/\/blogs.ksbe.edu\/alohaainaproject\/wp-json\/wp\/v2\/pages\/214","targetHints":{"allow":["GET"]}}],"collection":[{"href":"https:\/\/blogs.ksbe.edu\/alohaainaproject\/wp-json\/wp\/v2\/pages"}],"about":[{"href":"https:\/\/blogs.ksbe.edu\/alohaainaproject\/wp-json\/wp\/v2\/types\/page"}],"author":[{"embeddable":true,"href":"https:\/\/blogs.ksbe.edu\/alohaainaproject\/wp-json\/wp\/v2\/users\/23"}],"replies":[{"embeddable":true,"href":"https:\/\/blogs.ksbe.edu\/alohaainaproject\/wp-json\/wp\/v2\/comments?post=214"}],"version-history":[{"count":0,"href":"https:\/\/blogs.ksbe.edu\/alohaainaproject\/wp-json\/wp\/v2\/pages\/214\/revisions"}],"wp:attachment":[{"href":"https:\/\/blogs.ksbe.edu\/alohaainaproject\/wp-json\/wp\/v2\/media?parent=214"}],"curies":[{"name":"wp","href":"https:\/\/api.w.org\/{rel}","templated":true}]}}