{"id":712,"date":"2014-08-18T13:56:41","date_gmt":"2014-08-18T23:56:41","guid":{"rendered":"http:\/\/blogsksbeedu.wpenginepowered.com\/kmslama\/?page_id=712"},"modified":"2016-08-30T10:11:16","modified_gmt":"2016-08-30T20:11:16","slug":"kipuka","status":"publish","type":"page","link":"http:\/\/blogs.ksbe.edu\/kmslama\/kipuka\/","title":{"rendered":"KMS 8th grade Pahu"},"content":{"rendered":"<p style=\"text-align: center;\"><a href=\"http:\/\/blogs.ksbe.edu\/kmslama2014\/files\/2013\/08\/Screen-Shot-2013-08-20-at-8.06.03-AM.png\"><img loading=\"lazy\" decoding=\"async\" class=\"size-medium wp-image-35 alignleft\" src=\"http:\/\/blogs.ksbe.edu\/kmslama2014\/files\/2013\/08\/Screen-Shot-2013-08-20-at-8.06.03-AM-234x300.png\" alt=\"Screen Shot 2013-08-20 at 8.06.03 AM\" width=\"263\" height=\"337\" \/><\/a><\/p>\n<p style=\"text-align: left;\"><strong>K\u012bpuka<\/strong><br \/>\n(A calm place in a high sea, deep place in a shoal, opening in a forest, openings in cloud<br \/>\nformations, and especially a clear place or oasis within a lava bed where there may be vegetation; a short shoulder cape.) from Hawaiian Dictionary by Mary Kawena Pukui and Samuel H. Elbert<\/p>\n<p>Completed: July, 2012<br \/>\nHeight: 18.5\u201d<br \/>\nDrum: Coconut<br \/>\nDiameter: 18\u201d<br \/>\nSkin: Cowhide<br \/>\nLashing: Nylon cord<\/p>\n<p style=\"text-align: left;\">K\u012bpuka has been made for the eighth grade P\u016b\u02bbulu Lama at Kamehameha Schools Kap\u0101lama Middle School. It was made from a coconut tree that lived next to the original Ka\u02bboleiok\u016b building.<\/p>\n<p>The pattern is a succession of waves which in turn creates a series of capes. The waves beckon students to come join us as we begin our lama journey together. Whether participating as he\u02bbe nalu or hoe wa\u02bba, each person will be valued. A second definition is a short shoulder cape, aptly befitting the ahu\u02bbula design and contributing to<br \/>\nthe concept of life\u2019s duality.<\/p>\n<p>It is hoped that this drum will represent the lama value of m\u0101lama as K\u012bpuka signifies the calm place in the midst of a high sea, forest, or lava. We will strive to make our lama learning space one of safety and well-being for all who enter.<\/p>\n<p>Pu&#8217;ulu Kukui&#8217;s Pahu<br \/>\n<strong>Kaleoon\u00e4puaapauahi<br \/>\n<\/strong>(The voice of the children of Pauahi.)<br \/>\n<a href=\"http:\/\/blogs.ksbe.edu\/kmslama\/files\/2014\/08\/Screen-Shot-2014-08-21-at-12.37.06-PM.png\"><img loading=\"lazy\" decoding=\"async\" class=\"alignnone size-medium wp-image-729\" src=\"http:\/\/blogs.ksbe.edu\/kmslama\/files\/2014\/08\/Screen-Shot-2014-08-21-at-12.37.06-PM-163x300.png\" alt=\"Screen Shot 2014-08-21 at 12.37.06 PM\" width=\"163\" height=\"300\" srcset=\"http:\/\/blogs.ksbe.edu\/kmslama\/files\/2014\/08\/Screen-Shot-2014-08-21-at-12.37.06-PM-163x300.png 163w, http:\/\/blogs.ksbe.edu\/kmslama\/files\/2014\/08\/Screen-Shot-2014-08-21-at-12.37.06-PM.png 187w\" sizes=\"auto, (max-width: 163px) 100vw, 163px\" \/><\/a>Completed: July, 2012<br \/>\nHeight: 22\u201d<br \/>\nDrum: Coconut<br \/>\nDiameter: 12.75\u201d<br \/>\nSkin: Cowhide<br \/>\nLashing: Nylon cord<\/p>\n<p><strong>\u00a0Kaleoon\u00e4puaapauahi was created for P\u00fc\u00ffulu Kukui, an eighth grade team at Kamehameha Schools Kap\u00e4lama Middle School. It was made from a coconut tree that lived next to the original Ka\u00ff\u00f6leiok\u00fc Building.<br \/>\nThe pattern incorporates the roots, trunk, branches and leaves of a kukui tree. The kukui symbolizes the light of wisdom that is the practical application of knowledge. Confidence stems from wisdom. The Hawaiian value associated with the kukui is na\u2018auao.<\/strong><\/p>\n<header class=\"entry-header\">\n<h1 class=\"entry-title\">Kepo\u2018okela<\/h1>\n<\/header>\n<p><a href=\"http:\/\/blogs.ksbe.edu\/kmskauila2014\/files\/2012\/08\/Screen-shot-2012-08-30-at-8.46.00-AM.png\"><img loading=\"lazy\" decoding=\"async\" class=\"size-full wp-image-213 aligncenter\" title=\"Screen shot 2012-08-30 at 8.46.00 AM\" src=\"http:\/\/blogs.ksbe.edu\/kmskauila2014\/files\/2012\/08\/Screen-shot-2012-08-30-at-8.46.00-AM.png\" alt=\"\" width=\"155\" height=\"209\" \/><\/a><\/p>\n<p><strong>Kepo\u2018okela<br \/>\n<\/strong><em>humbly striving toward excellence<br \/>\n<\/em><strong>Completed:<\/strong>\u00a0 August 2012\u00a0\u00a0\u00a0\u00a0\u00a0\u00a0\u00a0\u00a0\u00a0\u00a0\u00a0\u00a0\u00a0\u00a0\u00a0\u00a0\u00a0\u00a0\u00a0\u00a0\u00a0\u00a0\u00a0\u00a0\u00a0\u00a0\u00a0\u00a0\u00a0\u00a0\u00a0\u00a0 <strong>Height:<\/strong> 19 inches<br \/>\n<strong>Drum:<\/strong>\u00a0 Coconut\u00a0\u00a0\u00a0\u00a0\u00a0\u00a0\u00a0\u00a0\u00a0\u00a0\u00a0\u00a0\u00a0\u00a0\u00a0\u00a0\u00a0\u00a0\u00a0\u00a0\u00a0\u00a0\u00a0\u00a0\u00a0\u00a0\u00a0\u00a0\u00a0\u00a0\u00a0\u00a0\u00a0\u00a0\u00a0\u00a0\u00a0\u00a0\u00a0\u00a0\u00a0\u00a0\u00a0\u00a0\u00a0\u00a0\u00a0\u00a0 <strong>Diameter:<\/strong> 15 \u00bd\u00a0\u00a0 inches<br \/>\n<strong>Skin:<\/strong>\u00a0 Cowhide\u00a0\u00a0\u00a0\u00a0\u00a0\u00a0\u00a0\u00a0\u00a0\u00a0\u00a0\u00a0\u00a0\u00a0\u00a0\u00a0\u00a0\u00a0\u00a0\u00a0\u00a0\u00a0\u00a0\u00a0\u00a0\u00a0\u00a0\u00a0\u00a0\u00a0\u00a0\u00a0\u00a0\u00a0\u00a0\u00a0\u00a0\u00a0\u00a0\u00a0\u00a0\u00a0\u00a0\u00a0\u00a0\u00a0\u00a0\u00a0\u00a0 <strong>Lashing:<\/strong>\u00a0 Nylon Cord<\/p>\n<p>P\u016b\u2018ulu Kauila challenges both haum\u0101na and kumu to continuously strive toward excellence.\u00a0 Throughout this journey, we must recognize what is outstanding or excellent, and realize we are striving for something that is far greater than us. Therefore, in our pursuit of excellence, we remain humble.<\/p>\n<p>There are many meanings for the word po\u2018o, among them being head or summit.\u00a0 Kela also has various meanings including excelling, exceeding, and reaching high above. Our pahu, Kepo\u2018okela, was created by former and current Kauila Kumu. The pahu represents our haum\u0101na, and the top of the pahu is like the po\u2018o of the child.\u00a0 The chamber of the pahu resonates its own inner voice, much like the uniqueness of our students\u2019 voices.\u00a0 The design on the base of the pahu is made up of a center portion that represents the individuality of our haum\u00e4na. \u00a0The symbolism behind the other part of the pattern is two fold.\u00a0 It represents each child reaching for excellence.\u00a0 It also represents kauila, which is the light of excellence.<\/p>\n<p>P\u016b\u2018ulu Kauila will foster personal responsibility and perseverance. \u00a0Kepo\u2018okela will remind us to remain humble as we embark on our journey toward excellence.<\/p>\n<p>P\u016b\u2018ulu Olopua&#8217;s Pahu is under-construction.<\/p>\n<p><strong>\u00a0<\/strong><\/p>\n<p><strong>\u00a0<\/strong><\/p>\n<p style=\"text-align: center;\">\n","protected":false},"excerpt":{"rendered":"<p>K\u012bpuka (A calm place in a high sea, deep place in a shoal, opening in a forest, openings in cloud formations, and especially a clear place or oasis within a lava bed where there may be vegetation; a short shoulder &hellip; <a href=\"http:\/\/blogs.ksbe.edu\/kmslama\/kipuka\/\">Continue reading <span class=\"meta-nav\">&rarr;<\/span><\/a><\/p>\n","protected":false},"author":234,"featured_media":0,"parent":0,"menu_order":0,"comment_status":"closed","ping_status":"closed","template":"","meta":{"footnotes":""},"class_list":["post-712","page","type-page","status-publish","hentry"],"yoast_head":"<!-- This site is optimized with the Yoast SEO plugin v25.8 - https:\/\/yoast.com\/wordpress\/plugins\/seo\/ -->\n<title>KMS 8th grade Pahu - KMS Lama<\/title>\n<meta name=\"robots\" content=\"index, follow, max-snippet:-1, max-image-preview:large, max-video-preview:-1\" \/>\n<link rel=\"canonical\" href=\"http:\/\/blogs.ksbe.edu\/kmslama\/kipuka\/\" \/>\n<meta property=\"og:locale\" content=\"en_US\" \/>\n<meta property=\"og:type\" content=\"article\" \/>\n<meta property=\"og:title\" content=\"KMS 8th grade Pahu - KMS Lama\" \/>\n<meta property=\"og:description\" content=\"K\u012bpuka (A calm place in a high sea, deep place in a shoal, opening in a forest, openings in cloud formations, and especially a clear place or oasis within a lava bed where there may be vegetation; a short shoulder &hellip; Continue reading &rarr;\" \/>\n<meta property=\"og:url\" content=\"http:\/\/blogs.ksbe.edu\/kmslama\/kipuka\/\" \/>\n<meta property=\"og:site_name\" content=\"KMS Lama\" \/>\n<meta property=\"article:modified_time\" content=\"2016-08-30T20:11:16+00:00\" \/>\n<meta property=\"og:image\" content=\"http:\/\/blogs.ksbe.edu\/kmslama2014\/files\/2013\/08\/Screen-Shot-2013-08-20-at-8.06.03-AM-234x300.png\" \/>\n<meta name=\"twitter:card\" content=\"summary_large_image\" \/>\n<meta name=\"twitter:label1\" content=\"Est. reading time\" \/>\n\t<meta name=\"twitter:data1\" content=\"3 minutes\" \/>\n<script type=\"application\/ld+json\" class=\"yoast-schema-graph\">{\"@context\":\"https:\/\/schema.org\",\"@graph\":[{\"@type\":\"WebPage\",\"@id\":\"http:\/\/blogs.ksbe.edu\/kmslama\/kipuka\/\",\"url\":\"http:\/\/blogs.ksbe.edu\/kmslama\/kipuka\/\",\"name\":\"KMS 8th grade Pahu - KMS Lama\",\"isPartOf\":{\"@id\":\"https:\/\/blogs.ksbe.edu\/kmslama\/#website\"},\"primaryImageOfPage\":{\"@id\":\"http:\/\/blogs.ksbe.edu\/kmslama\/kipuka\/#primaryimage\"},\"image\":{\"@id\":\"http:\/\/blogs.ksbe.edu\/kmslama\/kipuka\/#primaryimage\"},\"thumbnailUrl\":\"http:\/\/blogs.ksbe.edu\/kmslama2014\/files\/2013\/08\/Screen-Shot-2013-08-20-at-8.06.03-AM-234x300.png\",\"datePublished\":\"2014-08-18T23:56:41+00:00\",\"dateModified\":\"2016-08-30T20:11:16+00:00\",\"breadcrumb\":{\"@id\":\"http:\/\/blogs.ksbe.edu\/kmslama\/kipuka\/#breadcrumb\"},\"inLanguage\":\"en-US\",\"potentialAction\":[{\"@type\":\"ReadAction\",\"target\":[\"http:\/\/blogs.ksbe.edu\/kmslama\/kipuka\/\"]}]},{\"@type\":\"ImageObject\",\"inLanguage\":\"en-US\",\"@id\":\"http:\/\/blogs.ksbe.edu\/kmslama\/kipuka\/#primaryimage\",\"url\":\"http:\/\/blogs.ksbe.edu\/kmslama2014\/files\/2013\/08\/Screen-Shot-2013-08-20-at-8.06.03-AM-234x300.png\",\"contentUrl\":\"http:\/\/blogs.ksbe.edu\/kmslama2014\/files\/2013\/08\/Screen-Shot-2013-08-20-at-8.06.03-AM-234x300.png\"},{\"@type\":\"BreadcrumbList\",\"@id\":\"http:\/\/blogs.ksbe.edu\/kmslama\/kipuka\/#breadcrumb\",\"itemListElement\":[{\"@type\":\"ListItem\",\"position\":1,\"name\":\"Home\",\"item\":\"https:\/\/blogs.ksbe.edu\/kmslama\/\"},{\"@type\":\"ListItem\",\"position\":2,\"name\":\"KMS 8th grade Pahu\"}]},{\"@type\":\"WebSite\",\"@id\":\"https:\/\/blogs.ksbe.edu\/kmslama\/#website\",\"url\":\"https:\/\/blogs.ksbe.edu\/kmslama\/\",\"name\":\"KMS Lama\",\"description\":\"\",\"potentialAction\":[{\"@type\":\"SearchAction\",\"target\":{\"@type\":\"EntryPoint\",\"urlTemplate\":\"https:\/\/blogs.ksbe.edu\/kmslama\/?s={search_term_string}\"},\"query-input\":{\"@type\":\"PropertyValueSpecification\",\"valueRequired\":true,\"valueName\":\"search_term_string\"}}],\"inLanguage\":\"en-US\"}]}<\/script>\n<!-- \/ Yoast SEO plugin. -->","yoast_head_json":{"title":"KMS 8th grade Pahu - KMS Lama","robots":{"index":"index","follow":"follow","max-snippet":"max-snippet:-1","max-image-preview":"max-image-preview:large","max-video-preview":"max-video-preview:-1"},"canonical":"http:\/\/blogs.ksbe.edu\/kmslama\/kipuka\/","og_locale":"en_US","og_type":"article","og_title":"KMS 8th grade Pahu - KMS Lama","og_description":"K\u012bpuka (A calm place in a high sea, deep place in a shoal, opening in a forest, openings in cloud formations, and especially a clear place or oasis within a lava bed where there may be vegetation; a short shoulder &hellip; Continue reading &rarr;","og_url":"http:\/\/blogs.ksbe.edu\/kmslama\/kipuka\/","og_site_name":"KMS Lama","article_modified_time":"2016-08-30T20:11:16+00:00","og_image":[{"url":"http:\/\/blogs.ksbe.edu\/kmslama2014\/files\/2013\/08\/Screen-Shot-2013-08-20-at-8.06.03-AM-234x300.png","type":"","width":"","height":""}],"twitter_card":"summary_large_image","twitter_misc":{"Est. reading time":"3 minutes"},"schema":{"@context":"https:\/\/schema.org","@graph":[{"@type":"WebPage","@id":"http:\/\/blogs.ksbe.edu\/kmslama\/kipuka\/","url":"http:\/\/blogs.ksbe.edu\/kmslama\/kipuka\/","name":"KMS 8th grade Pahu - KMS Lama","isPartOf":{"@id":"https:\/\/blogs.ksbe.edu\/kmslama\/#website"},"primaryImageOfPage":{"@id":"http:\/\/blogs.ksbe.edu\/kmslama\/kipuka\/#primaryimage"},"image":{"@id":"http:\/\/blogs.ksbe.edu\/kmslama\/kipuka\/#primaryimage"},"thumbnailUrl":"http:\/\/blogs.ksbe.edu\/kmslama2014\/files\/2013\/08\/Screen-Shot-2013-08-20-at-8.06.03-AM-234x300.png","datePublished":"2014-08-18T23:56:41+00:00","dateModified":"2016-08-30T20:11:16+00:00","breadcrumb":{"@id":"http:\/\/blogs.ksbe.edu\/kmslama\/kipuka\/#breadcrumb"},"inLanguage":"en-US","potentialAction":[{"@type":"ReadAction","target":["http:\/\/blogs.ksbe.edu\/kmslama\/kipuka\/"]}]},{"@type":"ImageObject","inLanguage":"en-US","@id":"http:\/\/blogs.ksbe.edu\/kmslama\/kipuka\/#primaryimage","url":"http:\/\/blogs.ksbe.edu\/kmslama2014\/files\/2013\/08\/Screen-Shot-2013-08-20-at-8.06.03-AM-234x300.png","contentUrl":"http:\/\/blogs.ksbe.edu\/kmslama2014\/files\/2013\/08\/Screen-Shot-2013-08-20-at-8.06.03-AM-234x300.png"},{"@type":"BreadcrumbList","@id":"http:\/\/blogs.ksbe.edu\/kmslama\/kipuka\/#breadcrumb","itemListElement":[{"@type":"ListItem","position":1,"name":"Home","item":"https:\/\/blogs.ksbe.edu\/kmslama\/"},{"@type":"ListItem","position":2,"name":"KMS 8th grade Pahu"}]},{"@type":"WebSite","@id":"https:\/\/blogs.ksbe.edu\/kmslama\/#website","url":"https:\/\/blogs.ksbe.edu\/kmslama\/","name":"KMS Lama","description":"","potentialAction":[{"@type":"SearchAction","target":{"@type":"EntryPoint","urlTemplate":"https:\/\/blogs.ksbe.edu\/kmslama\/?s={search_term_string}"},"query-input":{"@type":"PropertyValueSpecification","valueRequired":true,"valueName":"search_term_string"}}],"inLanguage":"en-US"}]}},"_links":{"self":[{"href":"http:\/\/blogs.ksbe.edu\/kmslama\/wp-json\/wp\/v2\/pages\/712","targetHints":{"allow":["GET"]}}],"collection":[{"href":"http:\/\/blogs.ksbe.edu\/kmslama\/wp-json\/wp\/v2\/pages"}],"about":[{"href":"http:\/\/blogs.ksbe.edu\/kmslama\/wp-json\/wp\/v2\/types\/page"}],"author":[{"embeddable":true,"href":"http:\/\/blogs.ksbe.edu\/kmslama\/wp-json\/wp\/v2\/users\/234"}],"replies":[{"embeddable":true,"href":"http:\/\/blogs.ksbe.edu\/kmslama\/wp-json\/wp\/v2\/comments?post=712"}],"version-history":[{"count":0,"href":"http:\/\/blogs.ksbe.edu\/kmslama\/wp-json\/wp\/v2\/pages\/712\/revisions"}],"wp:attachment":[{"href":"http:\/\/blogs.ksbe.edu\/kmslama\/wp-json\/wp\/v2\/media?parent=712"}],"curies":[{"name":"wp","href":"https:\/\/api.w.org\/{rel}","templated":true}]}}