{"id":74,"date":"2013-04-25T11:08:05","date_gmt":"2013-04-25T21:08:05","guid":{"rendered":"http:\/\/blogsksbeedu.wpenginepowered.com\/keshmc46\/?page_id=74"},"modified":"2020-01-27T09:00:03","modified_gmt":"2020-01-27T19:00:03","slug":"nene-reading-program","status":"publish","type":"page","link":"http:\/\/blogs.ksbe.edu\/keshmc46\/nene-reading-program\/","title":{"rendered":"N\u0113n\u0113 Reading Program"},"content":{"rendered":"<h6 style=\"text-align: center;\">\u00a0<\/h6>\n<p style=\"text-align: center;\"><img loading=\"lazy\" decoding=\"async\" class=\"aligncenter wp-image-85\" src=\"http:\/\/blogs.ksbe.edu\/keshmc46\/files\/2013\/04\/nene-award-seal.jpg\" alt=\"nene-award-seal\" width=\"105\" height=\"105\" srcset=\"http:\/\/blogs.ksbe.edu\/keshmc46\/files\/2013\/04\/nene-award-seal.jpg 250w, http:\/\/blogs.ksbe.edu\/keshmc46\/files\/2013\/04\/nene-award-seal-150x150.jpg 150w\" sizes=\"auto, (max-width: 105px) 100vw, 105px\" \/><\/p>\n<p style=\"text-align: center;\" align=\"left\">Join the N\u0113n\u0113 Reading Challenge! ALL students in grades 4-6 are encouraged to participate in the N\u0113n\u0113 reading program. Students who read ALL 30 N\u0113n\u0113 Nominees will be invited to join us for a special reading activity at the end of the school year.<\/p>\n<p style=\"text-align: center;\" align=\"left\"><strong><span style=\"color: #ff0000;\">DEADLINE to read all 30 books: Mid April 2020<\/span><\/strong><\/p>\n<h6 style=\"text-align: center;\"><span style=\"text-decoration: underline; color: #993366;\"><strong>2019 Award Winning Book:<\/strong><\/span><\/h6>\n<p style=\"text-align: center;\"><a href=\"http:\/\/blogs.ksbe.edu\/keshmc46\/files\/2020\/01\/Terrible-Two.jpeg\"><img loading=\"lazy\" decoding=\"async\" class=\"alignnone wp-image-2255 size-full\" src=\"http:\/\/blogs.ksbe.edu\/keshmc46\/files\/2020\/01\/Terrible-Two.jpeg\" alt=\"\" width=\"194\" height=\"259\" \/><\/a><\/p>\n<p style=\"text-align: center;\">\u00a0<\/p>\n<p style=\"text-align: center;\"><i>The Terrible Two <\/i> by Mac Barnett<\/p>\n<p><a href=\"http:\/\/blogs.ksbe.edu\/keshmc46\/files\/2018\/09\/Nene-Award.png\"><img loading=\"lazy\" decoding=\"async\" class=\"size-medium wp-image-2235 aligncenter\" src=\"http:\/\/blogs.ksbe.edu\/keshmc46\/files\/2018\/09\/Nene-Award-300x180.png\" alt=\"\" width=\"300\" height=\"180\" srcset=\"http:\/\/blogs.ksbe.edu\/keshmc46\/files\/2018\/09\/Nene-Award-300x180.png 300w, http:\/\/blogs.ksbe.edu\/keshmc46\/files\/2018\/09\/Nene-Award-768x460.png 768w, http:\/\/blogs.ksbe.edu\/keshmc46\/files\/2018\/09\/Nene-Award-1024x613.png 1024w, http:\/\/blogs.ksbe.edu\/keshmc46\/files\/2018\/09\/Nene-Award.png 1775w\" sizes=\"auto, (max-width: 300px) 100vw, 300px\" \/><\/a><\/p>\n<h6 style=\"text-align: center;\"><span style=\"text-decoration: underline;\"><a href=\"https:\/\/www.neneaward.org\/thebooks.html\" target=\"_blank\" rel=\"noopener noreferrer\">2020 N\u0113n\u0113 Suggested Reading List:\u00a0<\/a><\/span><\/h6>\n<h6 style=\"text-align: center;\"><span style=\"text-decoration: underline;\"><a title=\"History of N\u0113n\u0113 Award\" href=\"https:\/\/www.neneaward.org\/about.html\">History of the Award<\/a><\/span><\/h6>\n<p style=\"text-align: center;\">The N\u0113n\u0113 Award is an annual award given by Hawai\u02bbi&#8217;s children for the best children&#8217;s fiction book. Students in grades 4-6 may vote at schools or public libraries participating in the program. For more information, please click on the following links.<\/p>\n<p><a href=\"http:\/\/blogs.ksbe.edu\/keshmc46\/files\/2018\/09\/Nene-Award.png\"><img loading=\"lazy\" decoding=\"async\" class=\"wp-image-2235 size-medium aligncenter\" src=\"http:\/\/blogs.ksbe.edu\/keshmc46\/files\/2018\/09\/Nene-Award-300x180.png\" alt=\"\" width=\"300\" height=\"180\" srcset=\"http:\/\/blogs.ksbe.edu\/keshmc46\/files\/2018\/09\/Nene-Award-300x180.png 300w, http:\/\/blogs.ksbe.edu\/keshmc46\/files\/2018\/09\/Nene-Award-768x460.png 768w, http:\/\/blogs.ksbe.edu\/keshmc46\/files\/2018\/09\/Nene-Award-1024x613.png 1024w, http:\/\/blogs.ksbe.edu\/keshmc46\/files\/2018\/09\/Nene-Award.png 1775w\" sizes=\"auto, (max-width: 300px) 100vw, 300px\" \/><\/a><\/p>\n<p style=\"text-align: center;\"><span style=\"text-decoration: underline;\"><a title=\"N\u0113n\u0113 Award Winning Books\" href=\"https:\/\/www.neneaward.org\/uploads\/4\/1\/3\/2\/41321077\/nene_winners_2019.pdf\">N\u0113n\u0113 Award Winning Books<\/a><\/span><\/p>\n<p>\u00a0<\/p>\n\n\n<p><\/p>\n","protected":false},"excerpt":{"rendered":"<p>\u00a0 Join the N\u0113n\u0113 Reading Challenge! ALL students in grades 4-6 are encouraged to participate in the N\u0113n\u0113 reading program. Students who read ALL 30 N\u0113n\u0113 Nominees will be invited to join us for a special reading activity at the end of the school year. DEADLINE to read all 30 books: Mid April 2020 2019 &hellip; <a href=\"http:\/\/blogs.ksbe.edu\/keshmc46\/nene-reading-program\/\" class=\"more-link\">Continue reading <span class=\"screen-reader-text\">N\u0113n\u0113 Reading Program<\/span> <span class=\"meta-nav\">&rarr;<\/span><\/a><\/p>\n","protected":false},"author":893,"featured_media":0,"parent":0,"menu_order":0,"comment_status":"open","ping_status":"closed","template":"","meta":{"footnotes":""},"class_list":["post-74","page","type-page","status-publish","hentry"],"yoast_head":"<!-- This site is optimized with the Yoast SEO plugin v25.8 - https:\/\/yoast.com\/wordpress\/plugins\/seo\/ -->\n<title>N\u0113n\u0113 Reading Program - KES Hi\u02bbilei Media Center 4-6<\/title>\n<meta name=\"robots\" content=\"index, follow, max-snippet:-1, max-image-preview:large, max-video-preview:-1\" \/>\n<link rel=\"canonical\" href=\"http:\/\/blogs.ksbe.edu\/keshmc46\/nene-reading-program\/\" \/>\n<meta property=\"og:locale\" content=\"en_US\" \/>\n<meta property=\"og:type\" content=\"article\" \/>\n<meta property=\"og:title\" content=\"N\u0113n\u0113 Reading Program - KES Hi\u02bbilei Media Center 4-6\" \/>\n<meta property=\"og:description\" content=\"\u00a0 Join the N\u0113n\u0113 Reading Challenge! ALL students in grades 4-6 are encouraged to participate in the N\u0113n\u0113 reading program. Students who read ALL 30 N\u0113n\u0113 Nominees will be invited to join us for a special reading activity at the end of the school year. DEADLINE to read all 30 books: Mid April 2020 2019 &hellip; Continue reading N\u0113n\u0113 Reading Program &rarr;\" \/>\n<meta property=\"og:url\" content=\"http:\/\/blogs.ksbe.edu\/keshmc46\/nene-reading-program\/\" \/>\n<meta property=\"og:site_name\" content=\"KES Hi\u02bbilei Media Center 4-6\" \/>\n<meta property=\"article:modified_time\" content=\"2020-01-27T19:00:03+00:00\" \/>\n<meta property=\"og:image\" content=\"http:\/\/blogs.ksbe.edu\/keshmc46\/files\/2013\/04\/nene-award-seal.jpg\" \/>\n<meta name=\"twitter:card\" content=\"summary_large_image\" \/>\n<meta name=\"twitter:label1\" content=\"Est. reading time\" \/>\n\t<meta name=\"twitter:data1\" content=\"1 minute\" \/>\n<script type=\"application\/ld+json\" class=\"yoast-schema-graph\">{\"@context\":\"https:\/\/schema.org\",\"@graph\":[{\"@type\":\"WebPage\",\"@id\":\"http:\/\/blogs.ksbe.edu\/keshmc46\/nene-reading-program\/\",\"url\":\"http:\/\/blogs.ksbe.edu\/keshmc46\/nene-reading-program\/\",\"name\":\"N\u0113n\u0113 Reading Program - KES Hi\u02bbilei Media Center 4-6\",\"isPartOf\":{\"@id\":\"https:\/\/blogs.ksbe.edu\/keshmc46\/#website\"},\"primaryImageOfPage\":{\"@id\":\"http:\/\/blogs.ksbe.edu\/keshmc46\/nene-reading-program\/#primaryimage\"},\"image\":{\"@id\":\"http:\/\/blogs.ksbe.edu\/keshmc46\/nene-reading-program\/#primaryimage\"},\"thumbnailUrl\":\"http:\/\/blogs.ksbe.edu\/keshmc46\/files\/2013\/04\/nene-award-seal.jpg\",\"datePublished\":\"2013-04-25T21:08:05+00:00\",\"dateModified\":\"2020-01-27T19:00:03+00:00\",\"breadcrumb\":{\"@id\":\"http:\/\/blogs.ksbe.edu\/keshmc46\/nene-reading-program\/#breadcrumb\"},\"inLanguage\":\"en-US\",\"potentialAction\":[{\"@type\":\"ReadAction\",\"target\":[\"http:\/\/blogs.ksbe.edu\/keshmc46\/nene-reading-program\/\"]}]},{\"@type\":\"ImageObject\",\"inLanguage\":\"en-US\",\"@id\":\"http:\/\/blogs.ksbe.edu\/keshmc46\/nene-reading-program\/#primaryimage\",\"url\":\"http:\/\/blogs.ksbe.edu\/keshmc46\/files\/2013\/04\/nene-award-seal.jpg\",\"contentUrl\":\"http:\/\/blogs.ksbe.edu\/keshmc46\/files\/2013\/04\/nene-award-seal.jpg\",\"width\":250,\"height\":250},{\"@type\":\"BreadcrumbList\",\"@id\":\"http:\/\/blogs.ksbe.edu\/keshmc46\/nene-reading-program\/#breadcrumb\",\"itemListElement\":[{\"@type\":\"ListItem\",\"position\":1,\"name\":\"Home\",\"item\":\"https:\/\/blogs.ksbe.edu\/keshmc46\/\"},{\"@type\":\"ListItem\",\"position\":2,\"name\":\"N\u0113n\u0113 Reading Program\"}]},{\"@type\":\"WebSite\",\"@id\":\"https:\/\/blogs.ksbe.edu\/keshmc46\/#website\",\"url\":\"https:\/\/blogs.ksbe.edu\/keshmc46\/\",\"name\":\"KES Hi\u02bbilei Media Center 4-6\",\"description\":\"Hi\u02bbilei Media Center, Gr 4-6\",\"potentialAction\":[{\"@type\":\"SearchAction\",\"target\":{\"@type\":\"EntryPoint\",\"urlTemplate\":\"https:\/\/blogs.ksbe.edu\/keshmc46\/?s={search_term_string}\"},\"query-input\":{\"@type\":\"PropertyValueSpecification\",\"valueRequired\":true,\"valueName\":\"search_term_string\"}}],\"inLanguage\":\"en-US\"}]}<\/script>\n<!-- \/ Yoast SEO plugin. -->","yoast_head_json":{"title":"N\u0113n\u0113 Reading Program - KES Hi\u02bbilei Media Center 4-6","robots":{"index":"index","follow":"follow","max-snippet":"max-snippet:-1","max-image-preview":"max-image-preview:large","max-video-preview":"max-video-preview:-1"},"canonical":"http:\/\/blogs.ksbe.edu\/keshmc46\/nene-reading-program\/","og_locale":"en_US","og_type":"article","og_title":"N\u0113n\u0113 Reading Program - KES Hi\u02bbilei Media Center 4-6","og_description":"\u00a0 Join the N\u0113n\u0113 Reading Challenge! ALL students in grades 4-6 are encouraged to participate in the N\u0113n\u0113 reading program. Students who read ALL 30 N\u0113n\u0113 Nominees will be invited to join us for a special reading activity at the end of the school year. DEADLINE to read all 30 books: Mid April 2020 2019 &hellip; Continue reading N\u0113n\u0113 Reading Program &rarr;","og_url":"http:\/\/blogs.ksbe.edu\/keshmc46\/nene-reading-program\/","og_site_name":"KES Hi\u02bbilei Media Center 4-6","article_modified_time":"2020-01-27T19:00:03+00:00","og_image":[{"url":"http:\/\/blogs.ksbe.edu\/keshmc46\/files\/2013\/04\/nene-award-seal.jpg","type":"","width":"","height":""}],"twitter_card":"summary_large_image","twitter_misc":{"Est. reading time":"1 minute"},"schema":{"@context":"https:\/\/schema.org","@graph":[{"@type":"WebPage","@id":"http:\/\/blogs.ksbe.edu\/keshmc46\/nene-reading-program\/","url":"http:\/\/blogs.ksbe.edu\/keshmc46\/nene-reading-program\/","name":"N\u0113n\u0113 Reading Program - KES Hi\u02bbilei Media Center 4-6","isPartOf":{"@id":"https:\/\/blogs.ksbe.edu\/keshmc46\/#website"},"primaryImageOfPage":{"@id":"http:\/\/blogs.ksbe.edu\/keshmc46\/nene-reading-program\/#primaryimage"},"image":{"@id":"http:\/\/blogs.ksbe.edu\/keshmc46\/nene-reading-program\/#primaryimage"},"thumbnailUrl":"http:\/\/blogs.ksbe.edu\/keshmc46\/files\/2013\/04\/nene-award-seal.jpg","datePublished":"2013-04-25T21:08:05+00:00","dateModified":"2020-01-27T19:00:03+00:00","breadcrumb":{"@id":"http:\/\/blogs.ksbe.edu\/keshmc46\/nene-reading-program\/#breadcrumb"},"inLanguage":"en-US","potentialAction":[{"@type":"ReadAction","target":["http:\/\/blogs.ksbe.edu\/keshmc46\/nene-reading-program\/"]}]},{"@type":"ImageObject","inLanguage":"en-US","@id":"http:\/\/blogs.ksbe.edu\/keshmc46\/nene-reading-program\/#primaryimage","url":"http:\/\/blogs.ksbe.edu\/keshmc46\/files\/2013\/04\/nene-award-seal.jpg","contentUrl":"http:\/\/blogs.ksbe.edu\/keshmc46\/files\/2013\/04\/nene-award-seal.jpg","width":250,"height":250},{"@type":"BreadcrumbList","@id":"http:\/\/blogs.ksbe.edu\/keshmc46\/nene-reading-program\/#breadcrumb","itemListElement":[{"@type":"ListItem","position":1,"name":"Home","item":"https:\/\/blogs.ksbe.edu\/keshmc46\/"},{"@type":"ListItem","position":2,"name":"N\u0113n\u0113 Reading Program"}]},{"@type":"WebSite","@id":"https:\/\/blogs.ksbe.edu\/keshmc46\/#website","url":"https:\/\/blogs.ksbe.edu\/keshmc46\/","name":"KES Hi\u02bbilei Media Center 4-6","description":"Hi\u02bbilei Media Center, Gr 4-6","potentialAction":[{"@type":"SearchAction","target":{"@type":"EntryPoint","urlTemplate":"https:\/\/blogs.ksbe.edu\/keshmc46\/?s={search_term_string}"},"query-input":{"@type":"PropertyValueSpecification","valueRequired":true,"valueName":"search_term_string"}}],"inLanguage":"en-US"}]}},"_links":{"self":[{"href":"http:\/\/blogs.ksbe.edu\/keshmc46\/wp-json\/wp\/v2\/pages\/74","targetHints":{"allow":["GET"]}}],"collection":[{"href":"http:\/\/blogs.ksbe.edu\/keshmc46\/wp-json\/wp\/v2\/pages"}],"about":[{"href":"http:\/\/blogs.ksbe.edu\/keshmc46\/wp-json\/wp\/v2\/types\/page"}],"author":[{"embeddable":true,"href":"http:\/\/blogs.ksbe.edu\/keshmc46\/wp-json\/wp\/v2\/users\/893"}],"replies":[{"embeddable":true,"href":"http:\/\/blogs.ksbe.edu\/keshmc46\/wp-json\/wp\/v2\/comments?post=74"}],"version-history":[{"count":0,"href":"http:\/\/blogs.ksbe.edu\/keshmc46\/wp-json\/wp\/v2\/pages\/74\/revisions"}],"wp:attachment":[{"href":"http:\/\/blogs.ksbe.edu\/keshmc46\/wp-json\/wp\/v2\/media?parent=74"}],"curies":[{"name":"wp","href":"https:\/\/api.w.org\/{rel}","templated":true}]}}